(base 12) to base 5
-10204
Convert -1032 (base 6) to base 8.
-354
12023 (base 4) to base 15
1b5
Convert -12c2 (base 13) to base 6.
-20245
Convert 262 (base 13) to base 9.
514
Convert -1d76 (base 14) to base 15.
-18eb
Convert -353 (base 6) to base 12.
-b9
Convert -10071 (base 10) to base 3.
-111211000
What is -143a (base 13) in base 12?
-1836
202210 (base 3) to base 12
3a9
-10202332 (base 4) to base 2
-100100010111110
Convert -32160 (base 7) to base 9.
-11846
-5245 (base 6) to base 10
-1181
435 (base 12) to base 2
1001101001
Convert 2555 (base 6) to base 2.
1010000111
What is -14 (base 6) in base 5?
-20
What is -1101101110 (base 2) in base 10?
-878
What is 1a45 (base 16) in base 14?
2645
1114 (base 5) to base 7
315
12403 (base 8) to base 9
7336
Convert -6891 (base 10) to base 14.
-2723
Convert -1011220 (base 3) to base 15.
-3c6
Convert 9987 (base 13) to base 2.
101001110011101
-53c (base 14) to base 7
-3005
Convert 101200 (base 3) to base 6.
1200
What is -7251 (base 8) in base 15?
-11a3
What is 101111002 (base 4) in base 12?
350aa
What is -2353 (base 8) in base 15?
-58e
111101011001 (base 2) to base 6
30105
23215 (base 12) to base 3
2101102022
Convert 245 (base 7) to base 3.
11212
-128 (base 15) to base 16
-107
What is -31bb (base 15) in base 4?
-2210132
Convert -855 (base 13) to base 5.
-21142
-5e6 (base 16) to base 10
-1510
33200 (base 5) to base 8
4374
What is -44474 (base 10) in base 8?
-126672
Convert 5555 (base 9) to base 5.
112400
What is -8126 (base 9) in base 12?
-3529
Convert -1252 (base 11) to base 5.
-23010
Convert 19451 (base 10) to base 4.
10233323
69 (base 14) to base 5
333
Convert -6280 (base 16) to base 11.
-17a44
Convert 1bcb (base 13) to base 14.
1779
-7b5 (base 13) to base 16
-533
Convert -3444 (base 5) to base 2.
-111110011
What is 88 (base 13) in base 11?
a2
-b9b (base 12) to base 11
-1309
-312 (base 7) to base 14
-b2
What is -1100111 (base 2) in base 9?
-124
Convert 12000 (base 3) to base 2.
10000111
What is 212202202 (base 3) in base 12?
a03b
Convert -3076 (base 9) to base 5.
-33011
Convert -1188 (base 9) to base 4.
-31322
-141 (base 9) to base 14
-86
-111011101110100 (base 2) to base 8
-73564
-1213 (base 6) to base 16
-129
Convert -120 (base 11) to base 14.
-a3
Convert -17b (base 14) to base 8.
-461
Convert -5465 (base 8) to base 10.
-2869
15240 (base 6) to base 16
9a8
Convert 2065 (base 7) to base 5.
10413
What is 3327 (base 11) in base 15?
1475
Convert -124641 (base 7) to base 2.
-101101100001000
Convert 1000010 (base 3) to base 9.
1003
123000 (base 4) to base 11
1331
What is 48bc (base 15) in base 5?
443402
What is -17c3 (base 13) in base 7?
-13214
Convert -45 (base 8) to base 4.
-211
What is 234 (base 12) in base 16?
148
Convert 2320132 (base 5) to base 12.
20311
Convert -10111000100 (base 2) to base 14.
-776
-1014 (base 14) to base 12
-1722
What is 72785 (base 9) in base 2?
1011101110011101
1001101100101 (base 2) to base 9
6726
Convert 3d1 (base 14) to base 13.
474
What is 1310132 (base 4) in base 6?
54302
100202221 (base 3) to base 15
21a1
Convert 103514 (base 6) to base 9.
12731
Convert 2756 (base 10) to base 5.
42011
-216130 (base 8) to base 2
-10001110001011000
What is -41342 (base 8) in base 3?
-212111011
113d4 (base 14) to base 3
2010112010
What is -1000110010010 (base 2) in base 3?
-20011121
1537 (base 10) to base 11
1178
Convert 2486 (base 9) to base 12.
10b0
522245 (base 6) to base 5
2321010
-1234 (base 6) to base 14
-182
410403 (base 5) to base 12
77a4
Convert 4100 (base 5) to base 9.
643
-809 (base 10) to base 6
-3425
What is -2279 (base 11) in base 7?
-11501
Convert -102110 (base 3) to base 6.
-1233
201020 (base 3) to base 7
1341
What is -2618 (base 9) in base 2?
-11110101001
What is -98 (base 12) in base 9?
-138
-14437 (base 9) to base 4
-2121223
Convert -10656 (base 13) to base 15.
-8bb6
-4b8 (base 12) to base 16
-2cc
What is 10130 (base 4) in base 16?
11c
What is -1618 (base 12) in base 3?
-10120202
-2614 (base 12) to base 9
-5847
Convert -255 (base 7) to base 6.
-350
What is 220 (base 8) in base 7?
264
What is 220210 (base 3) in base 6?
3033
Convert 2617 (base 10) to base 8.
5071
What is 2228 (base 13) in base 5?
123031
-21 (base 5) to base 3
-102
-1005 (base 10) to base 16
-3ed
What is -339 (base 16) in base 5?
-11300
What is -e3 (base 15) in base 12?
-159
Convert 24a (base 12) to base 2.
101011010
1947 (base 16) to base 6
45543
533 (base 10) to base 14
2a1
Convert -8828 (base 11) to base 6.
-125530
What is 2344 (base 8) in base 12?
884
312 (base 11) to base 14
1cc
30343 (base 8) to base 3
122011112
What is 1536 (base 9) in base 10?
1167
What is 315 (base 10) in base 7?
630
What is -202020 (base 3) in base 14?
-2b0
Convert 202212 (base 3) to base 14.
2c3
1100111110011 (base 2) to base 16
19f3
Convert 1440 (base 6) to base 10.
384
298 (base 15) to base 12
415
Convert -151164 (base 7) to base 3.
-1111010100
-564b (base 16) to base 15
-682b
What is 11111122 (base 3) in base 11?
2516
Convert -5293 (base 12) to base 15.
-2a29
What is 221121 (base 3) in base 14?
375
1065 (base 9) to base 2
1100010100
Convert 23 (base 9) to base 4.
111
Convert -a57 (base 16) to base 5.
-41042
What is 224141 (base 6) in base 16?
4a7d
What is 330112 (base 4) in base 9?
5261
Convert -3926 (base 11) to base 15.
-17aa
Convert 74244 (base 8) to base 5.
1442014
323301 (base 4) to base 5
110300
-12010211 (base 4) to base 11
-17759
Convert -213201 (base 5) to base 3.
-101000102
What is 1c (base 13) in base 2?
11001
What is 2200 (base 13) in base 11?
3612
Convert -57be (base 15) to base 5.
-1044004
What is -67c1 (base 13) in base 16?
-38ba
What is -14a (base 15) in base 10?
-295
What is 5b0 (base 12) in base 14?
44c
Convert 400c (base 16) to base 4.
10000030
What is 14940 (base 12) in base 15?
88cc
1002 (base 11) to base 6
10101
2012110 (base 3) to base 10
1605
Convert -1613 (base 7) to base 15.
-2d2
-13452 (base 6) to base 2
-100001001000
-13668 (base 12) to base 15
-7e5e
Convert -232660 (base 7) to base 14.
-11367
Convert -29801 (base 10) to base 13.
-10745
Convert -2423 (base 9) to base 13.
-a89
Convert -2635 (base 16) to base 7.
-40342
What is -1489 (base 14) in base 8?
-7101
What is -1110010111 (base 2) in base 3?
-1021001
Convert 415 (base 16) to base 13.
625
What is -1567 (base 9) in base 3?
-1122021
Convert 4987 (base 14) to base 3.
122122021
What is -3548 (base 10) in base 13?
-17cc
11453 (base 6) to base 16
699
Convert 3431 (base 5) to base 12.
34b
What is 502 (base 16) in base 15?
5a7
Convert -2121020 (base 3) to base 13.
-b2b
Convert 30003 (base 6) to base 11.
2a18
-4647 (base 9) to base 16
-d75
-210466 (base 7) to base 15
-ab24
What is 1110 (base 2) in base 4?
32
Convert -11549 (base 10) to base 13.
-5345
What is 66a5 (base 12) in base 5?
330412
What is 492 (base 12) in base 2?
1010101110
-631 (base 7) to base 12
-224
-1101001100 (base 2) to base 14
-444
Convert -35216 (base 9) to base 3.
-1012020120
Convert -102222 (base 3) to base 5.
-2243
Convert -37ad (base 14) to base 11.
-7370
What is 21241 (base 6) in base 11?
2201
Convert 1014210 (base 6) to base 7.
262356
What is 240c (base 13) in base 5?
130312
Convert -101110110110 (base 2) to base 14.
-1142
Convert 2859 (base 15) to base 16.
21ba
What is -3040 (base 5) in base 9?
-478
3000131 (base 4) to base 7
50624
-543e (base 16) to base 15
-65cb
-14781 (base 9) to base 4
-2132011
What is -4134 (base 9) in base 11?
-2303
110011 (base 2) to base 5
201
Convert -41454 (base 6) to base 13.
-2701
What is -96 (base 10) in base 9?
-116
Convert -142502 (base 7) to base 2.
-110101011010000
-2020221021 (base 3) to base 10
-44422
-15782 (base 11) to base 8
-53331
Convert 14374 (base 9) to base 11.
7398
What is -1113231 (base 4) in base 10?
-5613
What is -1112 (base 7) in base 5?
-3101
What is 105 (base 15) in base 2?
11100110
What is 222112012 (base 3) in base 16?
4b89
4ac (base 13) to base 9
1108
8127 (base 11) to base 7
43324
Convert -343351 (base 6) to base 15.
-8a34
What is -123105 (base 6) in base 14?
-405b
What is 110110100 (base 2) in base 13?
277
What is -318 (base 16) in base 5?
-11132
Convert 1203112 (base 5) to base 9.
33507
Convert 1331021 (base 4) to base 14.
2cc1
444 (base 8) to base 2
100100100
767 (base 8) to base 14
27d
Convert -1a3 (base 12) to base 15.
-12c
